d**3 - 6 + 24*d + 60*d**3 + 1 - 11*d**2. What are the prime factors of f(10)?
5, 7
Suppose p + m = 32, -3*m - 8 = 1. What are the prime factors of p?
5, 7
Let i = 15 - -27. What are the prime factors of i?
2, 3, 7
Let l(i) = -4*i**2 - 4*i - 19. Let v(x) = -x**2 - x - 5. Let s(r) = 2*l(r) - 9*v(r). List the prime factors of s(0).
7
Let q(n) = -n**3 - 14*n**2 + 13*n - 8. Let j be q(-15). List the prime factors of j/88 - 7/(-4).
2
Let s(l) = -l - 5. Let x be s(-9). Suppose -j - 45 = -x*j. List the prime factors of j.
3, 5
Let v(b) = -b**2 + 22. Let t be v(0). Suppose -t = 4*w + 54. Let s = w + 27. List the prime factors of s.
2
Suppose 9*j = 15*j - 90. What are the prime factors of j?
3, 5
Let k = 353 + -243. What are the prime factors of k?
2, 5, 11
Let r(f) = -f**2 - 11*f - 3. Let i be r(-11). List the prime factors of (-2)/((-21)/(-9) + i).
3
Suppose -3*i = -61 - 38. List the prime factors of i.
3, 11
Suppose -7*q + 110 = -6*q. What are the prime factors of q?
2, 5, 11
Let u(m) = m**3 + 6*m**2 - 3*m + 3. What are the prime factors of u(-5)?
43
Suppose 4*n - 189 = -3*o + 55, o = 4*n - 244. What are the prime factors of n?
61
Let r(k) = k**3 + k**2 + 5*k**2 - 6*k**2. Let t be r(0). Suppose t = 3*a - v - 2, 5*v - v = 16. List the prime factors of a.
2
Suppose -25 = -x - 4*x. Let z be (4/6)/((-6)/(-27)). Suppose 2*d - 34 = -z*a, -a - x*d + 19 = a. What are the prime factors of a?
2, 3
Let m(z) = z**3 + 10*z**2 + 8*z - 10. Let n be m(-9). What are the prime factors of (n/3)/(2/(-54))?
3
Let a be 105/10 + 2/(-4). Suppose -16 - a = -2*v. List the prime factors of v.
13
Suppose 6*b + b = 567. List the prime factors of b.
3
Suppose 3*k + 5 = 2. What are the prime factors of k/((-1)/(4/2))?
2
Suppose -4*x + 2*r = -140, 3*r = -2*x + x + 42. What are the prime factors of x?
2, 3
Suppose -3*o + 70 = -o. Suppose 0 = 6*c - c - o. Suppose 1 = -t, 2*q - 12 = -5*t + c. What are the prime factors of q?
2, 3
Let t(s) = -s - 3. Let h be t(-6). Let m = h - 1. List the prime factors of m + (5 - -1)/3.
2
Suppose 1 = -c + 3. List the prime factors of (-4)/(c - -2)*-15.
3, 5
Let w be (-70)/(-22) - 4/22. What are the prime factors of 92/6 + 2/w?
2
Let n(j) = -j**3 - 3*j**2 + j + 3. Let r be n(-3). Suppose 3*o - 2*y - 71 + 14 = r, 4*y = 0. List the prime factors of o.
19
Let k(i) = i**2 - 13*i - 8. List the prime factors of k(-5).
2, 41
Suppose 26*q - 23*q = 21. What are the prime factors of q?
7
Suppose 48*y - 52*y = -436. List the prime factors of y.
109
Let a = -5 - -26. What are the prime factors of a?
3, 7
Let f = 8 - 5. Let r = 8 + -6. Suppose 4 = k, -r*t - 4*k + 56 = f*t. What are the prime factors of t?
2
Let i(f) = -8*f**2 - 6*f + f**2 + 8*f**2 + 7. What are the prime factors of i(5)?
2
Suppose -2*a - 8*a = -2240. List the prime factors of a.
2, 7
Suppose -3*v = -5*v - 2*y + 2, -3*v - y - 3 = 0. Let q(w) = -4*w + 2. What are the prime factors of q(v)?
2, 5
Suppose 245 = 10*j - 225. List the prime factors of j.
47
Let m = -33 - -56. Let z = m + 0. List the prime factors of z.
23
Let i(n) = 5*n + 1. Let t be i(2). Suppose 4*m - 47 = -t. List the prime factors of m.
3
What are the prime factors of -3*(-614)/21 - 2/(-7)?
2, 11
Let a(g) = g**2 - 4*g + 11. What are the prime factors of a(8)?
43
Let o(w) = -w**2 - 9*w + 13. Let b = -22 + 12. Let n be o(b). Suppose 0 = -2*f + n*f - 6. List the prime factors of f.
2, 3
Suppose -3*b + b = -4*y - 190, 0 = -5*b - y + 486. What are the prime factors of b?
97
Suppose -d = -a - 3, 0*a + d = 2*a + 1. Suppose 22 = a*n + 4*p, 3 = 4*n - 5*p - 2. What are the prime factors of n?
5
Suppose -5*f = 4*z - 656, -2*f - z + 252 = -2*z. What are the prime factors of f?
2
Let k(c) = 7*c - 11. Let p be k(5). Suppose 3*y = 4*y - p. List the prime factors of y.
2, 3
Let z = -7 - -11. Let y = z - 7. Let r = y - -5. List the prime factors of r.
2
Suppose -4*y - 102 = -2*t, y + 276 = 5*t - 2*y. Suppose 8 = 5*z - t. List the prime factors of z.
13
Let p = -10 - -103. List the prime factors of p.
3, 31
Suppose -3*t - 135 + 40 = -5*f, 0 = 2*f - 4*t - 38. What are the prime factors of f?
19
Suppose -3*d = -4 - 5. Suppose -y = -1 - d. Suppose -i = y*i - 70. What are the prime factors of i?
2, 7
Let n be (-329)/14 - (-3)/2. Let r = n + 45. Let w = r + -16. What are the prime factors of w?
7
Let l = 0 - 0. Let o(t) = t**3 - t + 10. List the prime factors of o(l).
2, 5
Let x(r) = 7*r + r + 14 - r**2 - 6. Let l be x(9). Let t(y) = 13*y**2 + y. List the prime factors of t(l).
2, 3
What are the prime factors of (-304)/(-4)*(-1)/(-2)?
2, 19
Suppose 5*v - 33 = -198. Let t = -19 - v. Let q = t + -7. What are the prime factors of q?
7
Suppose 0 = 5*r + 1 - 11. Suppose -5*c = -2*s - 30, 5*s + 21 + 12 = r*c. Suppose 2*k - 4 = -c*i, 4*k + i - 5*i = 20. List the prime factors of k.
2
Suppose k = -3*u + 8, -u - 40 = -5*k - 5*u. List the prime factors of k.
2
Let n(x) = -x**2 + 12*x - 6. Let t be n(8). Let y = t + -15. List the prime factors of y.
11
Let v be ((-15)/(-20))/(3/1212). Suppose -4*b + v - 59 = 0. List the prime factors of b.
61
Let r(u) = 41*u**2 + 1. What are the prime factors of r(1)?
2, 3, 7
Let u be ((-1)/2)/((-6)/(-12)). Let b = -1 - u. Suppose 0 = -b*h - h + 10. What are the prime factors of h?
2, 5
Suppose 0 = -2*t - 3*t - 2*z + 208, 0 = 2*t + 4*z - 96. What are the prime factors of t?
2, 5
Suppose r + 17 = p, -4*p - 2*r + 34 = -2*p. Let v = 35 - p. List the prime factors of v.
2, 3
Let q = -8 - -13. Suppose -6*h + 21 = -q*h. What are the prime factors of h?
3, 7
Let g = -14 + 21. Suppose -n = -b + g, -n - 7*b = -2*b - 11. Let w = n + 16. What are the prime factors of w?
2, 3
Let v = -82 + 155. What are the prime factors of v?
73
Suppose 4*g - 23 = 33. What are the prime factors of g?
2, 7
Suppose -3*a - 5*y = 4, -5*y - 2 = 4*a - 0*y. Suppose -g = -a*g + 15. What are the prime factors of g?
3, 5
Suppose 4*u + 4*g = 3 - 27, -g - 27 = 4*u. Let r = 3 - u. List the prime factors of r.
2, 5
Suppose 2*u - 13 = -1. Suppose 0*k + u = 3*k. What are the prime factors of k?
2
Let t(u) = 2*u + 9. What are the prime factors of t(12)?
3, 11
Let b(v) = v + 18. Let s be b(-13). Suppose f + 2*f = 9, 21 = 2*j - s*f. What are the prime factors of j?
2, 3
What are the prime factors of (-1)/(-6) + 1 + (-3399)/(-18)?
2, 5, 19
Suppose -3*b = -2*c + 2*b + 21, 0 = -3*c - 5*b + 19. List the prime factors of c.
2
Suppose -2*v = -5*v + 198. What are the prime factors of v?
2, 3, 11
Let t(k) = 4*k + 31. What are the prime factors of t(6)?
5, 11
Let i(u) = -u**2 + 15*u - 17. List the prime factors of i(13).
3
Let d(s) be the third derivative of s**6/120 - s**5/60 - s**4/6 + 5*s**3/6 - 9*s**2. List the prime factors of d(3).
11
Let z(v) = -76*v. Let f be z(-1). Let d = -44 + f. List the prime factors of d.
2
Suppose -a + 1 = 0, 5*d + 4*a + a - 30 = 0. Suppose -2*b - 4*z = 2 - 8, d*b = 5*z + 15. What are the prime factors of 14/b + 1/3?
5
Suppose -3*s + 5*f + 37 = 0, 5*s = f - 0*f + 69. List the prime factors of s.
2, 7
Let k(p) = p + 8. Let f be k(-4). Suppose -f*z - 3*n = -4*n - 69, 3*z - n = 53. Suppose 0 = -3*b - 4 + z. What are the prime factors of b?
2
Suppose -8 = -q - 4, 2*n + 5*q = 22. Suppose 0 = 4*z - 4*i + 60, -4*i = z - n + 6. Let o = z - -19. What are the prime factors of o?
2, 3
Let b(z) = 3*z**2 - z + 2. List the prime factors of b(2).
2, 3
Let f(s) = s**3 - 6*s**2 + 6*s + 3. List the prime factors of f(5).
2
Let c(w) = -2*w + 5. Let q be c(6). Let i = -5 - q. Suppose 3*k + 0*o - 20 = -5*o, -4*o - 6 = -i*k. What are the prime factors of k?
5
Let r be 2/(-2 + (-20)/(-9)). Suppose 5*x - 11 = r. Suppose 0 = x*n - 8, 5*n - 5 = -m + 13. List the prime factors of m.
2
Suppose 0 = -7*r + 3*r + 312. List the prime factors of r.
2, 3, 13
Let r(c) be the first derivative of c**4/4 + c**3 - 2*c**2 + 2*c - 2. Let d = 1 + -5. List the prime factors of r(d).
2
Let a(z) = -23*z - 2. Let j be a(-1). Suppose 3*d + j - 144 = 0. List the prime factors of d.
41
Let y = -2 - -1. Let l = y + 8. Let q = l + -1. List the prime factors of q.
2, 3
Suppose 0 = -6*r - 44 + 200. What are the prime factors of r?
2, 13
Let a(l) = l + 11. Let p be a(-10). Let h(x) = 20*x + 2. List the prime factors of h(p).
2, 11
Let w = -9 - -11. List the prime factors of w.
2
Let c(i) = i**2 - 8*i + 8. L